
False
Does 4 divide 373?
False
Is 3760 a multiple of 40?
True
Is 13 a factor of 22301?
False
Does 7 divide 30?
False
Does 27 divide 17874?
True
Is 234 a factor of 56097?
False
Is 57 a multiple of 57?
True
Is 378 a multiple of 4?
False
Is 136 a factor of 7253?
False
Is 13 a factor of 1126?
False
Is 5 a factor of 521?
False
Is 4331 a multiple of 107?
False
Is 16 a factor of 2848?
True
Does 15 divide 32365?
False
Is 66562 a multiple of 28?
False
Is 5 a factor of 332?
False
Is 46 a factor of 782?
True
Is 10 a factor of 7460?
True
Is 153 a factor of 16017?
False
Is 8 a factor of 1158?
False
Is 527 a multiple of 4?
False
Does 19 divide 2190?
False
Is 21000 a multiple of 14?
True
Is 14 a factor of 3652?
False
Does 16 divide 651?
False
Is 9 a factor of 756?
True
Does 15 divide 3256?
False
Is 13 a factor of 6929?
True
Is 23592 a multiple of 141?
False
Does 7 divide 14?
True
Is 3054 a multiple of 140?
False
Does 6 divide 3333?
False
Is 65 a factor of 1235?
True
Is 13 a factor of 8892?
True
Does 11 divide 1498?
False
Does 46 divide 1794?
True
Is 81 a factor of 178455?
False
Does 9 divide 504?
True
Does 34 divide 1700?
True
Is 53 a factor of 688?
False
Is 374 a multiple of 22?
True
Is 3900 a multiple of 78?
True
Is 1280 a multiple of 32?
True
Does 3 divide 3?
True
Is 10 a factor of 140?
True
Does 78 divide 3623?
False
Is 21 a factor of 1656?
False
Does 4 divide 344?
True
Does 29 divide 205?
False
Does 58 divide 100541?
False
Does 22 divide 86460?
True
Is 4 a factor of 1920?
True
Does 5 divide 21?
False
Is 2358 a multiple of 8?
False
Is 240 a multiple of 16?
True
Does 126 divide 9576?
True
Is 11 a factor of 4092?
True
Is 51 a factor of 24072?
True
Does 24 divide 1724?
False
Is 13181 a multiple of 12?
False
Is 3183 even?
False
Is 4 a factor of 304?
True
Is 85 a factor of 2922?
False
Does 12 divide 26596?
False
Is 5554 a multiple of 15?
False
Does 16 divide 10416?
True
Does 18 divide 4968?
True
Does 4 divide 5956?
True
Does 22 divide 57430?
False
Does 150 divide 15117?
False
Is 31 a factor of 169?
False
Is 15938 a multiple of 26?
True
Does 10 divide 220?
True
Is 44 a factor of 8988?
False
Does 113 divide 25572?
False
Does 254 divide 18829?
False
Is 18 a factor of 15750?
True
Does 154 divide 12474?
True
Is 2523 a multiple of 87?
True
Is 31 a factor of 51551?
False
Is 89 a factor of 2491?
False
Does 10 divide 1265?
False
Is 206 a multiple of 29?
False
Does 27 divide 1325?
False
Does 30 divide 15990?
True
Is 2170 a multiple of 70?
True
Is 86 a factor of 4902?
True
Is 29124 a multiple of 9?
True
Is 17 a factor of 1023?
False
Is 6374 a multiple of 21?
False
Is 390 a multiple of 130?
True
Does 30 divide 2373?
False
Is 270 a multiple of 54?
True
Does 8 divide 17872?
True
Is 15 a factor of 3093?
False
Is 885 a multiple of 10?
False
Is 924 a multiple of 42?
True
Is 760 a multiple of 8?
True
Is 3 a factor of 4866?
True
Is 174 a factor of 125120?
False
Is 44594 a multiple of 138?
False
Is 71 a factor of 121623?
True
Is 14 a factor of 17682?
True
Does 39 divide 56277?
True
Does 18 divide 1026?
True
Is 130 a factor of 49948?
False
Is 1286 a multiple of 4?
False
Is 32 a factor of 88?
False
Is 3090 a multiple of 3?
True
Is 149 a factor of 45253?
False
Does 35 divide 2065?
True
Does 10 divide 35391?
False
Does 13 divide 38?
False
Is 538 a multiple of 2?
True
Is 17 a factor of 9163?
True
Is 736 a multiple of 92?
True
Is 4383 a multiple of 22?
False
Is 5 a factor of 26535?
True
Does 12 divide 2108?
False
Does 13 divide 5356?
True
Is 890 even?
True
Does 15 divide 1311?
False
Is 36 a factor of 158?
False
Is 53796 a multiple of 4?
True
Is 7496 a multiple of 60?
False
Is 258 a factor of 6708?
True
Does 89 divide 1424?
True
Does 47 divide 781?
False
Does 39 divide 7917?
True
Is 3475 a multiple of 5?
True
Is 13 even?
False
Does 33 divide 31262?
False
Is 4988 a multiple of 111?
False
Is 9657 a multiple of 87?
True
Does 32 divide 42265?
False
Is 43 a factor of 7769?
False
Is 18 a factor of 506?
False
Does 15 divide 45?
True
Does 42 divide 100?
False
Does 2 divide 115?
False
Does 29 divide 10672?
True
Does 63 divide 2457?
True
Is 1054 a multiple of 3?
False
Is 1554 a multiple of 36?
False
Is 2253 a multiple of 9?
False
Is 40 a factor of 1040?
True
Is 109 a factor of 87033?
False
Is 162 a multiple of 18?
True
Does 26 divide 1529?
False
Does 7 divide 186?
False
Does 2 divide 417?
False
Is 10432 a multiple of 8?
True
Is 22191 a multiple of 16?
False
Does 10 divide 157?
False
Does 39 divide 17765?
False
Is 767 a multiple of 59?
True
Is 5128 a multiple of 3?
False
Is 12293 a multiple of 9?
False
Does 10 divide 60?
True
Does 121 divide 89605?
False
Is 15 a factor of 6435?
True
Is 17783 a multiple of 17?
False
Is 15 a factor of 413?
False
Is 87 a multiple of 3?
True
Is 13 a factor of 35620?
True
Does 9 divide 5374?
False
Is 288 a multiple of 8?
True
Does 21 divide 2212?
False
Is 1203 a multiple of 19?
False
Does 5 divide 157?
False
Is 989 a multiple of 23?
True
Is 31 a factor of 2604?
True
Does 29 divide 2301?
False
Does 55 divide 14568?
False
Is 130 a factor of 5307?
False
Is 80 a factor of 960?
True
Is 4522 a multiple of 38?
True
Is 11950 a multiple of 42?
False
Is 93 a factor of 51987?
True
Is 26 a factor of 1869?
False
Is 11322 a multiple of 57?
False
Is 4 a factor of 2428?
True
Is 2285 a multiple of 5?
True
Does 101 divide 1991?
False
Is 14691 a multiple of 59?
True
Does 13 divide 312?
True
Does 20 divide 980?
True
Is 8043 a multiple of 17?
False
Does 48 divide 508?
False
Does 29 divide 971?
False
Is 798 a multiple of 42?
True
Does 5 divide 930?
True
Is 56 a factor of 136?
False
Is 496 a multiple of 31?
True
Is 94 a factor of 678?
False
Is 10 a factor of 1520?
True
Does 13 divide 115102?
True
Does 93 divide 6417?
True
Is 2598 even?
True
Does 49 divide 6713?
True
Is 12 a factor of 3998?
False
Is 12 a factor of 216?
True
Does 13 divide 4966?
True
Does 155 divide 18600?
True
Is 24596 a multiple of 22?
True
Does 43 divide 16082?
True
Is 23547 a multiple of 13?
False
Is 1961 a multiple of 53?
True
Is 73 a factor of 626?
False
Is 27 a factor of 24335?
False
Is 29666 a multiple of 91?
True
Is 410 a multiple of 50?
False
Does 5 divide 524?
False
Is 1752 a multiple of 12?
True
Does 146 divide 730?
True
Does 18 divide 40140?
True
Is 159 a multiple of 53?
True
Is 31478 a multiple of 12?
False
Is 13 a factor of 3497?
True
Is 1287 a multiple of 13?
True
Is 54 a factor of 26520?
False
Does 8 divide 545?
False
Is 1248 a multiple of 78?
True
Does 19 divide 17138?
True
Does 27 divide 94956?
False
Does 46 divide 32200?
True
Does 89 divide 9879?
True
Is 966 a multiple of 6?
True
Is 468 a multiple of 18?
True
Is 82 a factor of 698?
False
Is 8 a factor of 3268?
False
Is 3 a factor of 108?
True
Is 46 a factor of 5198?
True
Is 40 a factor of 7125?
False
Is 1240 a multiple of 40?
True
Does 12 divide 1092?
True
Does 10 divide 1950?
True
Does 22 divide 51515?
False
Is 76 a factor of 12957?
False
Does 11 divide 407?
True
Is 2274 a multiple of 47?
False
Does 11 divide 5390?
True
Is 754 a multiple of 13?
True
Is 1824 a multiple of 38?
True
Is 3 a factor of 13596?
True
Does 167 divide 76319?
True
Is 23453 a multiple of 66?
False
Is 14 a factor of 910?
True
Does 56 divide 818?
False
Is 45 a factor of 1985?
False
Is 17 a factor of 268?
False
Is 10 a factor of 1126?
False
Does 60 divide 120?
True
Is 668 a multiple of 14?
False
Is 9 a factor of 8224?
False
Does 27 divide 2349?
True
Is 13 a multiple of 3?
False
Is 160 a factor of 12640?
True
Does 38 divide 1672?
True
Is 12253 a multiple of 5?
False
Is 8996 a multiple of 42?
False
Is 990 a multiple of 18?
True
Is 42 a factor of 252?
True
Is 306 a multiple of 17?
True
Does 32 divide 2881?
False
Is 571 a multiple of 14?
False
Does 12 divide 679?
False
Is 3 a factor of 45?
True
Does 10 divide 3270?
True
Is 5206 a multiple of 19?
True
Is 6227 a multiple of 28?
False
Is 1449 a multiple of 23?
True
Is 8 a factor of 901?
False
Does 48 divide 88?
False
Is 37 a factor of 4070?
True
Is 4206 a multiple of 16?
False
Is 5670 a multiple of 18?
True
Does 30 divide 720?
True
Does 48 divide 21983?
False
Is 8 a factor of 258?
False
Is 26 a factor of 234?
True
Is 32 a factor of 71936?
True
Is 7 a factor of 772?
False
Is 121 a factor of 23275?
False
Does 65 divide 3835?
True
Is 23390 a